5 = -5*x + 2*g, 0 = 40*g - 35*g. Let f(t) = -t**2 + 14*t - 13. Give f(x).
36
Let x(g) = -154*g + 36*g + 43*g + 71 + 30*g + 30*g. What is x(7)?
-34
Let w(d) = -2*d**3 + 10*d**2 - 3*d + 8. Let i(m) = -3*m**3 + 12*m**2 - 3*m + 8. Let y(q) = -3*i(q) + 4*w(q). Calculate y(-5).
-2
Let w(t) = -4883*t - 4753*t + 2*t**2 + 9588*t + 39. Give w(22).
-49
Let w(a) = -a**2 - 10*a + 4. Let x = -98 - -102. Let q(t) = t**3 - t**2 - 14*t. Let i be q(x). Determine w(i).
20
Let l(k) = -3*k + 9. Let a be 26/(-5) + (-19)/(-95) + 8. Calculate l(a).
0
Let n(g) = g**3 - 6*g**2 - 7*g + 11. Suppose 2*m + 2 = 0, 28 = 3*h + 176*m - 180*m. Determine n(h).
83
Let w(y) = -y**2 + 65*y - 1041. Let t be w(31). Let v(u) = -u**3 + 27*u**2 - 180*u - 17. Give v(t).
9
Let q(r) = -2*r**3 + 28*r**2 - 28*r + 31. Let o be q(13). Let b(i) = 15*i - 37. Give b(o).
38
Let o be -1*6*(-22)/6. Suppose 3*p = -3*d + 17 + o, 3*d - 2*p = 49. Let v = -17 + d. Let i(y) = 12*y + 2. Determine i(v).
-22
Let o(z) = z**2 + 9*z - 75. Suppose 3*b - 35 + 79 = w, 5*w - 80 = 5*b. Let r be o(b). Let x(h) be the first derivative of h**2/2 + 9*h - 1. Calculate x(r).
4
Let b(m) = -m + 4. Let u(a) be the first derivative of -3*a**2/2 + 23*a - 53. Let q be u(6). What is b(q)?
-1
Let k(v) = 18*v + 5 + 5*v + 8*v**3 - 33*v - 3*v**2 - 7*v**3 + 0*v**2. Determine k(5).
5
Let w(q) = -q**2 + 7*q + 5. Let n be w(6). Let h(k) = -k + 6. Let i(g) = -g + 6. Let s = -135 - -131. Let p(r) = s*h(r) + 3*i(r). What is p(n)?
5
Let n = 1 + -5. Let z(x) = -x**3 - 26*x**2 - 26*x - 23. Let h be z(-25). Let s(f) = 0 - 10*f**h - 21*f**2 + 32*f**2 - 2 + 3*f. Give s(n).
2
Let f(v) = -4*v**3 + 58*v**2 - 28*v + 24. Let u be f(14). Let z be 2/14 + u*(-7)/(-196). Let o(q) = 0*q**2 - 1 - q**2 - q**2 + 2*q. Calculate o(z).
-1
Let m(f) be the third derivative of f**5/60 + 7*f**4/24 - f**3/6 - 2739*f**2. Let x = 13 + -19. Determine m(x).
-7
Suppose -5*x + 12 = -0*x - 2*l, 3*x + 5*l - 1 = 0. Suppose x*q - 5*a = -1, -5*a - 2 + 1 = -3*q. Let f(u) = 6*u**2 + 2*u - 2. Give f(q).
26
Let k(v) = -17 - 19 + 9*v - 18 - 16 + 61. Give k(10).
81
Let l(u) = 12*u + 318. Let v be l(-26). Let s = 0 - -5. Let i(n) = -3*n**2 + 2*n**2 - s + 1 + 8*n. What is i(v)?
8
Let i(d) = -d**2 + 8*d + 7. Let q be i(8). Suppose -q*t + 10 = -2*t. Let b(h) = 547*h**t - h**3 + h - 547*h**2 - 8. Give b(0).
-8
Let d(v) = -3*v**3 + 44*v**2 - 84*v + 86. Let n(r) = r**3 - 15*r**2 + 29*r - 29. Let l(g) = 6*d(g) + 17*n(g). Give l(8).
-1
Let q(w) = -w**2 + 4. Let o be (-33)/(-77) - (-3)/(-7). Let g be q(o). Let b(i) be the second derivative of -i**4/12 + i**3/3 - i**2/2 - 17*i. Calculate b(g).
-9
Suppose 5*v + 31 = -3*q, -q - 1 = 17*v - 14*v. Let j(a) = 2*a**3 + 42*a**2 - 46*a - 28. Determine j(q).
16
Let v(b) = b + 8. Suppose 2*a - q - 152 = -162, 0 = 2*a + 3*q - 14. Give v(a).
6
Let b(y) be the third derivative of y**6/24 + y**4/8 - y**3/2 - y**2. Suppose 20 = -6*i + 26. Let f be b(i). Let a(z) = z**2 - 8*z + 6. What is a(f)?
-9
Suppose 0 = -2*f - 3*l + 19, 41*f - 39*f = 4*l - 16. Let b(v) be the second derivative of 4*v - 1/6*v**3 + 0 + 3/2*v**f. Calculate b(8).
-5
Let b(g) = 2*g - 13. Let w(a) = a + 4. Let n(s) = 2*s - 34. Let o(j) = -n(j) - 2*w(j). Let i(f) = 11*b(f) + 6*o(f). What is i(9)?
-5
Suppose -4*i = -24 - 64. Let r(j) = -5 - i*j**2 + 12*j + 49*j**2 - 28*j**2. Calculate r(11).
6
Let y(r) be the second derivative of -r**4/12 - r**3 + r**2 + 631*r. Suppose 0 = 81*d - 79*d + 14. What is y(d)?
-5
Suppose -5*s = r - 11, -6*r - 9 = -5*s - 5*r. Let h(t) = -11 - 10*t - 536*t**3 + s - 9*t**2 + 537*t**3 - 2*t + 2*t. Calculate h(10).
-9
Suppose -22 = 248*i - 215*i + 11. Let q(d) = 5*d**2 - 1 - 10*d**3 - 8*d - 5*d**2 + 6*d. Give q(i).
11
Let q(z) = z + 7. Let y(m) = -2*m - 15. Let g(v) = 5*q(v) + 3*y(v). Let r = -125 + 123. Let t be (-4 - -2 - r)/(9/3). What is g(t)?
-10
Suppose 6*h = 11*h - b + 165, 0 = -4*h + 4*b - 132. Let p(w) = -w**2 - 45*w - 398. Determine p(h).
-2
Suppose i = 24*x - 22*x - 21, 2*x - 4*i = 24. Let o(a) = a**3 - 9*a**2 - 9*a - 5. Give o(x).
5
Let a(n) = -9*n**3 - 5*n**2 - 3*n. Suppose 0 = -2*q + 3*b + 16, 3*q + 100*b - 98*b + 15 = 0. Determine a(q).
7
Let g(o) = 0*o + 3 - 14*o - 2*o + 16*o - 6*o. Suppose 4*b + 8 = 24. Calculate g(b).
-21
Let w(b) = -b**3 - 12*b**2 + 12*b - 6. Let u(p) = -384*p - 3085. Let s be u(-8). Give w(s).
7
Let g(h) = -4 - 26*h + 2 - 1 + 25*h - 2. Let f(u) = 4*u + 22. Let t(c) = -2*c**2 + 3*c. Let m be t(3). Let p(o) = m*g(o) - 2*f(o). Give p(-3).
-2
Let l(u) = 5*u + 167. Let v be l(-34). Let g(a) = a**3 + a**2 - 2. Let z(d) = -2*d**3 + 2*d**2 + d + 12. Let r(h) = v*g(h) - z(h). Determine r(-5).
-1
Suppose -3739*x + 3753*x = 26040. Suppose 0 = -3*o + 4*b + 2, 5*o = 2*b + 1 + 7. Let z(h) = -1 + h**2 - 1861*h + x*h + 19*h**3 - 2*h**o. Determine z(-1).
-20
Let g(k) = 5*k**2 + 32*k + 16. Let t(u) = u**3 - 4*u - 2. Let f(y) = -g(y) - 7*t(y). Determine f(-2).
42
Let o(f) be the second derivative of f**5/20 - 5*f**4/4 - f**3/2 + 23*f**2 - 34*f - 35. What is o(15)?
1
Let u(v) = v + 4. Let k = -545 - -557. Calculate u(k).
16
Let b(j) be the second derivative of j**4/12 + 10*j**3/3 + 13*j**2/2 + 7*j. What is b(-17)?
-38
Suppose -7*b - 422*t - 521 = -424*t, t + 214 = -3*b. Let y(z) = -z**3 - 74*z**2 - 72*z + 77. What is y(b)?
4
Let t be 5*(-5)/(-25)*2. Let r(z) = z**2 - 2*z + 4*z**2 - 2*z**2 + 3 - 4*z**2 + 2*z**t. Give r(3).
6
Suppose r - p = -3*r + 35, -2*r - 5*p = -1. Let a be 22/(-5 + 7) - (-7 + r). Let q(v) = -v**2 + 12*v - 20. Calculate q(a).
0
Let q(i) be the second derivative of -i**4/4 - i**3 - 9*i**2/2 + 205*i - 7. What is q(-2)?
-9
Let x(z) be the first derivative of -2*z**3/3 + 9*z**2/2 - 9*z + 1437. Give x(3).
0
Let n(m) = 5*m + 42. Let v(y) = 3*y - 1. Let a(s) = n(s) - 2*v(s). Let z be a(37). Let h(p) = -p + 8. What is h(z)?
1
Let w(p) = p**3 + 12*p**2 - 2. Let i(f) = f**3 + 13*f**2 - 2. Let q(v) = -5*i(v) + 6*w(v). Let z be 1*(-28 + 4 - -17). What is q(z)?
-2
Let m(u) be the second derivative of u**6/720 - u**5/60 - 5*u**4/12 - 3*u**3/2 + 2*u - 23. Let v(w) be the third derivative of m(w). Calculate v(7).
5
Let p = 303 - 297. Let u(v) = -5*v**2 + 8*v - 10. Suppose 4*o + m + 8 + 3 = 0, 5*o + 4*m = 0. Let l(s) = -s**2 - 1. Let z(r) = o*l(r) + u(r). What is z(p)?
6
Suppose -y + 40 = 7*y. Suppose -y*u = -6 - 29. Let c(s) = 6*s**2 + u + 81*s**3 - 80*s**3 - s - s + 1. Calculate c(-6).
20
Let s(g) = -2*g + 29. Let j be (-7)/(-28) - (0 + 177/(-12)). Calculate s(j).
-1
Let x(p) be the first derivative of p**2/2 + 3*p + 18. Let v be (648/(-60))/((-1)/(-5)*-2). Suppose -28*b = -37*b + v. Determine x(b).
6
Let l(u) = 4*u**2 + 5*u**3 + 22*u + 7*u**2 + 2*u + 19 - 6*u**3. What is l(13)?
-7
Let y(z) = -1132747*z + 54 + 256 + 1132723*z. Calculate y(13).
-2
Suppose -85*l + 8924 = 8839. Let w(t) = t - 32. Calculate w(l).
-31
Let v(a) = 3*a + 47. Suppose 5*b = -5*q - 110, -q = 4*b - 58 + 95. Determine v(q).
-4
Let d(g) = 2*g**2 - 3*g + 2. Let n = -915 + 919. Determine d(n).
22
Let j(x) = x**3 + 3*x**2 + x + 4. Let w be j(-2). Let s(b) = -9*b**2 + 21*b + 14. Let u(h) = -4*h**2 + 10*h + 6. Let d(p) = -3*s(p) + 7*u(p). Give d(w).
6
Let l = 10079 + -10078. Let r(c) = -c**2 + c. Let p(o) = 25*o**2 + o + 1. Let v(z) = p(z) - 2*r(z). Give v(l).
27
Let l(y) = -y + 3. Let n(v) = 9*v - 25. Let r(w) = 51*l(w) + 6*n(w). Let t(b) = -407*b - 23195. Let a be t(-57). Give r(a).
15
Let f(g) = g**2 + 10*g - 3. Suppose -5*b = -77*c + 82*c + 655, 0 = -5*b + 5*c - 605. Let t = b - -117. Determine f(t).
-12
Suppose 0*l + 17*l = 3*l - 70. Let i(n) = -n**2 - 14*n. Let d(w) = -w + 1. Let v(a) = 6*d(a) - i(a). What is v(l)?
-9
Let q(d) be the third derivative of -5*d**4/12 + d**3/3 - 1235*d**2. What is q(10)?
-98
Let q = 46 + -241. Let a = -191 - q. Let y(u) = -u**3 + u**2 + 3*u + 2. Determine y(a).
-34
Let l(v) = -v**3 + 2*v + 72. Suppose -13*g - 27 = -43*g - 27. What is l(g)?
72
Let g(s) = s**3 + s**2 - 3*s - 2. Suppose -13*l + 366 + 141 = 0. Let t = 36 - l. What is g(t)?
-11
Let h(w) = -291 - w + 23 + 251 + 4*w. What is h(3)?
-8
Suppose 3*c - c - 8 = 0. Let v(r) = r**2 + 25*r + 140. Let n be v(-17). Let y(d) = 18 - 3*d - 23 + n. Determine y(c).
-13
Suppose -2*v - 1 + 7 = 0. Suppose 5*m = -14 + 29. Let n(l) = 45*l - 40*l**m - 40*l - 4*l**2 - 4 + 41*l**3. What is n(v)?
2
Let a(m) = -2